 Let i be o(-7). Let h be i/12 + 1/(-6). Let u(l) = l**3 + 4*l**2 + l + 2. Determine u(h).
8
Let i(d) = d - 1. Let l(x) = -3*x + 4. Let a(g) = -4*i(g) - l(g). What is a(-4)?
4
Let w(v) = -v**3 - 6*v**2 - 2*v - 1. Suppose -5*q = 7 + 8. What is w(q)?
-22
Let m(k) = 10*k - 1. Let c(w) = w**2 - 12*w + 19. Let s be c(10). Calculate m(s).
-11
Let o(g) be the second derivative of g**5/20 - g**3/3 - g**2/2 + 6*g. What is o(-1)?
0
Let s = -4 + 2. Let n(f) = 5*f + 26. Let j(g) = g + 5. Let b(q) = s*n(q) + 11*j(q). Give b(-3).
0
Let u(r) = -r**3 - r**2 + r - 1. Let o(f) = f**3 + 4*f**2 - 6*f + 3. Let l(z) = o(z) + 4*u(z). Give l(-1).
4
Suppose -11*a + 15*a = -4. Let g(d) = 5 - 4 + 4*d**3 + 2*d + 3*d**3. What is g(a)?
-8
Let o(w) = 7*w**2 - 9*w + 1. Let b(y) = -y**2 + y - 1. Let t(c) = 6*b(c) + o(c). Calculate t(4).
-1
Let r = -2 + 7. Let t(s) = -28*s. Let h(o) = -9*o. Let x(y) = r*t(y) - 16*h(y). Give x(1).
4
Suppose 0 = 2*g - 1 + 3. Let a = g + 3. Let p(q) = -4*q - 1 - 2*q**2 + 2*q + 5*q. Calculate p(a).
-3
Let r(s) = 14*s**3 - 3*s**2 + 3. Let o(t) = 9*t**3 - 2*t**2 + 2. Let u(c) = 8*o(c) - 5*r(c). What is u(1)?
2
Suppose 0 = -2*n + 5*h - 3 - 5, 0 = n - 3*h + 4. Let b(f) = 5 + 6 - 15 - f. Give b(n).
0
Let r(y) = 13*y**2 + 29*y + 12. Let g(o) = 7*o**2 + 15*o + 6. Let n(i) = -11*g(i) + 6*r(i). Calculate n(-7).
-8
Let a(s) be the second derivative of -s**5/2 - s**2/2 + 8*s. Give a(1).
-11
Let k be ((-9)/(-15))/((-3)/(-30)). Let u be 2/k + 7/(-3). Let w(p) = -p**2 - 2*p - 1. Calculate w(u).
-1
Suppose 0 = -5*y + 5*u + 15 + 25, 2*y = -u + 1. Suppose -5*v = -5*j + 15, 3*j + v - 3 = 2*v. Suppose j = y*k + 2*k - 20. Let w(l) = -l + 1. Determine w(k).
-3
Let b = 5 - 3. Let n(v) be the first derivative of -v**b - 4*v + 1/4*v**4 - 1 - 2/3*v**3. Determine n(3).
-1
Let k(g) = -g**2 - 16*g + 4. Let a be k(-15). Let y = a - 14. Let d(o) = o**2 - 5*o + 3. Calculate d(y).
3
Let s(m) = m**3 + 7*m**2 + 6*m + 8. Let y(o) = -2*o**3 - 14*o**2 - 12*o - 16. Let i(q) = 9*s(q) + 4*y(q). Determine i(-6).
8
Let f(g) = 0*g**3 - 6 - g**3 + 0*g**2 - 2*g**2 + 4. Determine f(-2).
-2
Suppose -n = 2*k - 3, k + 1 + 0 = 2*n. Let g(h) = 3*h - h + k + 0. Calculate g(2).
5
Let t(l) = -l - 14*l**2 + 7 + 30*l**2 - 15*l**2. Give t(0).
7
Let j = 10 - 2. Let n = 15 + -3. Let r be (j/n)/((-4)/6). Let b(t) = 3*t**3 - 2*t**2 - 2*t - 1. What is b(r)?
-4
Let s(n) be the third derivative of n**5/30 - 2*n**3/3 + 10*n**2. Give s(-3).
14
Let x(o) = -9*o**3 - o**2 - o. Let h be x(-1). Let j(k) = 2*k + k**2 - 2*k - 5*k + h - 4*k. Calculate j(7).
-5
Let z(w) be the third derivative of -w**6/120 + 2*w**3/3 + 4*w**2 + 3*w. Calculate z(0).
4
Let h(n) = n**2 - n. Let q be h(-1). Let u(c) = -c**2 + 1 + 8*c - q - c. Give u(5).
9
Let m(k) be the second derivative of -k**5/20 + 5*k**4/12 - 5*k**3/6 + 3*k**2 - 25*k. What is m(4)?
2
Suppose -4*x - 2 = -6, -5*b + 14 = -x. Let z(c) = -c**3 - 3 - 2*c**2 + c**b - c**3 - 4*c. Let g be z(-2). Let w(s) = s**3 - 5*s**2 + 7. Calculate w(g).
7
Let v(q) = -q - 6. Let p be v(-5). Let m(k) = 3*k**2 - 1. Calculate m(p).
2
Let s(b) = -8*b. Let x(l) = l**2 + 14*l + 14. Let g be x(-13). Determine s(g).
-8
Let p = 44 - 42. Let l(t) = t**2 - 4*t + 2. What is l(p)?
-2
Let m(n) = -n**2 + 2*n + 2. Let o(l) = -l - 1. Let h(a) = m(a) + 2*o(a). Let w be 3/9 + (-14)/6. Let p = w - -3. What is h(p)?
-1
Let s be 108/(-12)*2/(-6). Let r(u) = -u - 2. Determine r(s).
-5
Let r(n) = -3*n**2 + 10*n + 26. Let k(y) = 2*y**2 - 7*y - 17. Let d(t) = -7*k(t) - 5*r(t). Determine d(0).
-11
Let i(d) be the third derivative of -d**4/24 - d**3/6 + 2*d**2. What is i(4)?
-5
Let v(n) be the second derivative of -n**5/20 + n**4/3 - n**3/6 + n. What is v(4)?
-4
Let h(i) = -4*i**2 + 12*i - 2. Suppose 3*n - 2*n - 3 = 0. Let u(x) = 2*x**2 - 6*x + 1. Let p(b) = n*h(b) + 5*u(b). Calculate p(4).
-9
Let h be (-2 - -3)*-2 - -2. Let q(p) = -4*p**2 + 3*p**2 + p**3 + h*p**2 - 8 + p. Determine q(0).
-8
Let y(t) = t**2 + t + 5. Let f(j) = -j**3 - 4*j**2 + 4*j - 1. Let r be f(-5). Let q be -2 + 4/1 + 3. Suppose -2*u = q*n + 25, u = -n - 1 - r. Calculate y(u).
5
Let o(n) be the third derivative of n**4/12 - n**3/3 + 27*n**2. Let i(z) = -z - 2. Let t be i(-4). Give o(t).
2
Let c = 124 + -120. Let g(a) = -a**2 + 1. Let p(v) = -v**3 + 8*v**2 - 3*v - 8. Let t = -1 + 2. Let d(n) = t*p(n) + 3*g(n). Give d(c).
-1
Let q(t) be the first derivative of -t**3/3 + 5*t**2/2 - 3*t - 2. Let o be (-6)/(-5)*(-10)/(-3). Calculate q(o).
1
Let y(s) = -6*s - 4*s**2 + 5*s**2 + 2*s - 3. Let a = 38 - 34. Calculate y(a).
-3
Let w(p) be the third derivative of p**5/60 + p**4/6 - 5*p**3/3 + 14*p**2. Give w(-7).
11
Let s(j) = -j + 15. Let h be s(12). Let o(z) = z**2 - 2*z - 3. Calculate o(h).
0
Let p(g) = -23 - 7*g**2 + 4*g + 0 + 5*g. Let k(j) = -10*j**2 + 14*j - 34. Let y(x) = -5*k(x) + 7*p(x). Give y(6).
3
Let u(y) = -y**3 + 4*y**2 + 5*y + 2. Let o be (-55)/6 + (-5)/(-30). Let b = o - -6. Let k(r) = -3*r - 4. Let i be k(b). Give u(i).
2
Let a(v) = 5 - 4 + v**2 - 2*v**2 - 2 + 6*v. What is a(7)?
-8
Let v(l) = -l - 13. Suppose -5*y - 56 = -w, -35 = 10*y - 7*y - 2*w. What is v(y)?
-2
Let d = 3 + -1. Suppose 4*w - 25 = 119. Let m(v) = 37*v + 0 + d - w*v. Give m(0).
2
Suppose 24 = 2*l + 6. Let o = l + -14. Let b = -5 - o. Let y(i) = -i + 2. What is y(b)?
2
Let g(r) = r**2 + 6*r + 1. Suppose -6 = j - 1. What is g(j)?
-4
Let p = 10 - 10. Suppose -12 = 3*s - 2*s - 3*c, p = 3*s + 3*c + 12. Let w(m) = -m**2 + 4 - 6*m - m - 9. What is w(s)?
1
Let g(c) = -3*c**3 - 2*c**2 + 3*c + 1. Let j(o) = 5*o**3 + 3*o**2 - 5*o - 2. Let w(n) = -8*g(n) - 5*j(n). Determine w(0).
2
Let u(y) be the third derivative of -y**5/60 + y**4/24 + y**3/3 + 4*y**2. Give u(-2).
-4
Let p(x) be the third derivative of 0*x**3 + 0 + 0*x + 6*x**2 + 1/30*x**5 + 1/24*x**4. Determine p(-2).
6
Let j(u) be the second derivative of u**8/6720 - u**7/420 + u**6/720 - u**5/24 + u**4/6 + 4*u. Let h(w) be the third derivative of j(w). Determine h(6).
1
Let u(c) = 6*c + 51*c**3 + c + 2 - 5*c**2 - 101*c**3 + 49*c**3. Give u(-6).
-4
Let j = -9 - -19. Suppose -w - j = w. Let n(s) = s**2 + 4*s - 3. Let a be n(w). Let h(t) = t**2 - t + 1. Give h(a).
3
Let z(g) = 2*g - 7 - 5 + 11. Let k = -3 - -2. Give z(k).
-3
Suppose -t + 2 = t. Let c(s) be the first derivative of 0*s**3 - 5 + s**2 - s - 9/4*s**4. Give c(t).
-8
Let a(t) = 2 + 0 + 2 + t. Let n(s) = s**3 - 16*s**2 + s - 20. Let j be n(16). What is a(j)?
0
Let d(z) be the second derivative of z**3/3 - z**2/2 - 2*z. Calculate d(-2).
-5
Let k(v) be the first derivative of -3*v + 2 - 5/2*v**2 - 1/3*v**3. Calculate k(-3).
3
Let l = 6 - 4. Let y(m) = 5 - l + 2*m - 4*m. Let z(q) = -q - 5. Let s be z(-7). Determine y(s).
-1
Let p(f) = 3*f**2 + f. Let r(h) = -h**2 + h + 1. Let m(u) = p(u) - r(u). Calculate m(-1).
3
Let p(g) be the first derivative of -g**4/4 + g**3/3 - g - 2. Determine p(-2).
11
Let i(c) = 2*c**2 - 2*c + 5. Let f(m) = 3*m**2 - 2*m + 6. Let l(d) = 6*f(d) - 7*i(d). What is l(2)?
21
Suppose 0 = -l + 1 + 1. Let k(m) be the first derivative of -m**3/3 - m**2/2 - m + 2. Determine k(l).
-7
Suppose -19*r + 14*r = 30. Let m(u) = u**3 + 5*u**2 - 7*u - 5. Give m(r).
1
Let d(g) be the first derivative of g**4/4 - g**3 - 3*g**2 + 3*g + 2. Let a be 5/((-10)/4) + -9. Let q = -7 - a. Determine d(q).
-5
Let t = 54 + -32. Suppose t = 5*n - 3. Let v(r) = 5*r**2 + 4*r - 2. Let y(w) = -14*w**2 - 12*w + 6. Let s(q) = 17*v(q) + 6*y(q). Give s(n).
7
Let s(f) = -f**2 - 5*f + 11 - 9 - 2 - 3. Calculate s(-7).
-17
Suppose -2*y + 3*z + 3 = -2*z, 3 = -2*y - z. Let f(r) = -1. Let w(i) = -4*i + 3. Let o(q) = 6*f(q) + 2*w(q). Determine o(y).
8
Let y(h) be the third derivative of -h**4/24 + h**3/3 - 2*h**2. Determine y(5).
-3
Let n(o) = 2*o - 3. Let r(m) = -3*m + 2. Let c(g) = -2*n(g) - 3*r(g). What is c(6)?
30
Let h(q) = -q**3 - q**2 + q - 2. Let k(v) = 7*v**3 + 12. Let g(t) = -6*h(t) - k(t). Suppose -p - 3*u = -2*p - 4, -5*u + 15 = 0. What is g(p)?
-5
Let y = -4 + 6. Suppose 2*h - y = -10. Let l(r) = r**3 + 3*r**2 - r + 4. Calculate l(h).
-8
Let g(f) = -f**2 - 4*f + 4. Suppose m + 2*m = 0. Let i(u) = u**2 + 6*u + 4. Let r be i(-6). Suppose -3*z - 23 = -x + 5*x, -2*x - r = m. Determine g(z).
-1
Let z(b) = -5*b**3 - 15*b**2 - b + 9. Let o(t) be the first derivative of t**4/2 + 7*t**3/3 + t**2/